{"id":1726,"date":"2026-08-01T13:11:09","date_gmt":"2026-08-01T11:11:09","guid":{"rendered":"https:\/\/www.aryaswinter.com\/?page_id=1726"},"modified":"2026-08-24T21:57:47","modified_gmt":"2026-08-24T19:57:47","slug":"reserva-la-brujula-narrativa","status":"publish","type":"page","link":"https:\/\/www.aryaswinter.com\/index.php\/reserva-la-brujula-narrativa\/","title":{"rendered":"Reserva La Br\u00fajula Narrativa"},"content":{"rendered":"\n<div style=\"height:20px\" aria-hidden=\"true\" class=\"wp-block-spacer\"><\/div>\n\n\n\n<h2 class=\"wp-block-heading has-text-align-center has-theme-palette-1-color has-text-color has-link-color wp-elements-1\" style=\"border-top-left-radius:25px;border-top-right-radius:25px;border-bottom-left-radius:25px;border-bottom-right-radius:25px\"><strong>Reserva tu sesi<\/strong>\u00f3n de La Br\u00fajula Narrativa <\/h2>\n\n\n\n<p class=\"has-text-align-center wp-block-paragraph\"><strong>Elige el d\u00eda y la hora que mejor te vengan y completa la reserva<\/strong>.<\/p>\n\n\n\n<p class=\"has-text-align-center wp-block-paragraph\">Los horarios disponibles cambian a lo largo de la semana y encontrar\u00e1s opciones de ma\u00f1ana, mediod\u00eda, tarde y noche. Si no encuentras un horario que te encaje, puedes consultar otros d\u00edas.<\/p>\n\n\n<!-- Cal inline embed code begins -->\r\n<div style=\"width:100%;height:100%;overflow:scroll\" id=\"my-cal-inline-la-brujula-narrativa\"><\/div>\r\n<script type=\"text\/javascript\">\r\n  (function (C, A, L) { let p = function (a, ar) { a.q.push(ar); }; let d = C.document; C.Cal = C.Cal || function () { let cal = C.Cal; let ar = arguments; if (!cal.loaded) { cal.ns = {}; cal.q = cal.q || []; d.head.appendChild(d.createElement(\"script\")).src = A; cal.loaded = true; } if (ar[0] === L) { const api = function () { p(api, arguments); }; const namespace = ar[1]; api.q = api.q || []; if(typeof namespace === \"string\"){cal.ns[namespace] = cal.ns[namespace] || api;p(cal.ns[namespace], ar);p(cal, [\"initNamespace\", namespace]);} else p(cal, ar); return;} p(cal, ar); }; })(window, \"https:\/\/app.cal.com\/embed\/embed.js\", \"init\");\r\nCal(\"init\", \"la-brujula-narrativa\", {origin:\"https:\/\/app.cal.com\"});\r\nCal.config = Cal.config || {};\r\nCal.config.forwardQueryParams = true;\r\n\r\n  Cal.ns[\"la-brujula-narrativa\"](\"inline\", {\r\n    elementOrSelector:\"#my-cal-inline-la-brujula-narrativa\",\r\n    config: {\"layout\":\"month_view\",\"useSlotsViewOnSmallScreen\":\"true\"},\r\n    calLink: \"aryaswinter\/la-brujula-narrativa\",\r\n  });\r\n\r\n  Cal.ns[\"la-brujula-narrativa\"](\"ui\", {\"hideEventTypeDetails\":false,\"layout\":\"month_view\"});\r\n  <\/script>\r\n  <!-- Cal inline embed code ends -->\n\n\n\n<div style=\"height:20px\" aria-hidden=\"true\" class=\"wp-block-spacer\"><\/div>\n\n\n\n<h4 class=\"wp-block-heading has-text-align-center has-theme-palette-2-color has-text-color has-link-color wp-elements-2\">ANTES DE LA SESI\u00d3N:<\/h4>\n\n\n\n<div style=\"height:20px\" aria-hidden=\"true\" class=\"wp-block-spacer\"><\/div>\n\n\n\n<blockquote class=\"wp-block-quote is-layout-flow wp-block-quote-is-layout-flow\">\n<p class=\"has-theme-palette-5-color has-text-color has-link-color wp-elements-3 wp-block-paragraph\"><strong>RECIBIR\u00c1S UN FORMULARIO<\/strong><\/p>\n\n\n\n<ol class=\"wp-block-list\"><\/ol>\n<\/blockquote>\n\n\n\n<p class=\"wp-block-paragraph\">Despu\u00e9s de reservar <strong>recibir\u00e1s un breve formulario para explicarme tu situaci\u00f3n<\/strong>. Es importante que me lo env\u00edes con suficiente antelaci\u00f3n para poder preparar la sesi\u00f3n.<\/p>\n\n\n\n<p class=\"wp-block-paragraph\"><strong>Una vez completada la reserva, recibir\u00e1s tambi\u00e9n el enlace para conectarte a la sesi\u00f3n a trav\u00e9s de Google Meet<\/strong>.<\/p>\n\n\n\n<blockquote class=\"wp-block-quote is-layout-flow wp-block-quote-is-layout-flow\">\n<p class=\"has-theme-palette-5-color has-text-color has-link-color wp-elements-4 wp-block-paragraph\"><strong>REVISAR\u00c9 TU CASO<\/strong><\/p>\n<\/blockquote>\n\n\n\n<p class=\"wp-block-paragraph\"><strong>Leer\u00e9 tus respuestas y preparar\u00e9 la sesi\u00f3n.<\/strong><\/p>\n\n\n\n<p class=\"wp-block-paragraph\">Si al revisar tu caso considero que necesito m\u00e1s informaci\u00f3n, te la pedir\u00e9.<\/p>\n\n\n\n<p class=\"wp-block-paragraph\">Y si veo que <strong>La Br\u00fajula Narrativa no es adecuada para lo que buscas<\/strong>, te lo comunicar\u00e9 antes de la sesi\u00f3n y <strong>te devolver\u00e9 el importe de la reserva.<\/strong><\/p>\n\n\n\n<p class=\"wp-block-paragraph\">No suele ocurrir, pero prefiero comprobarlo antes de que dediquemos tiempo y dinero a una consulta que no pueda ayudarte.<\/p>\n\n\n\n<div style=\"height:20px\" aria-hidden=\"true\" class=\"wp-block-spacer\"><\/div>\n\n\n\n<div class=\"wp-block-group has-border-color has-theme-palette-9-border-color has-theme-palette-8-background-color has-background\"><div class=\"wp-block-group__inner-container is-layout-constrained wp-block-group-is-layout-constrained\">\n<h3 class=\"wp-block-heading has-text-align-center\">\u00bfQu\u00e9 incluye la reserva?<\/h3>\n\n\n\n<p class=\"has-text-align-center wp-block-paragraph\">\u2714 Una sesi\u00f3n individual de aproximadamente 90 minutos.<\/p>\n\n\n\n<p class=\"has-text-align-center wp-block-paragraph\">\u2714 Preparaci\u00f3n previa de la consulta.<\/p>\n\n\n\n<p class=\"has-text-align-center wp-block-paragraph\">\u2714 Trabajo centrado exclusivamente en tu novela.<\/p>\n\n\n\n<p class=\"has-text-align-center wp-block-paragraph\">\u2714 Videollamada a trav\u00e9s de Google Meet.<\/p>\n\n\n\n<blockquote class=\"wp-block-quote is-layout-flow wp-block-quote-is-layout-flow\">\n<p class=\"has-theme-palette-5-color has-text-color has-link-color wp-elements-5 wp-block-paragraph\">Recuerda que La Br\u00fajula Narrativa no es un servicio de correcci\u00f3n de novela ni tampoco un informe de lectura. Es una sesi\u00f3n de trabajo junto al autor para detectar problemas y dificultades del manuscrito y buscar soluciones para seguir avanzando.<\/p>\n<\/blockquote>\n<\/div><\/div>\n\n\n\n<div style=\"height:20px\" aria-hidden=\"true\" class=\"wp-block-spacer\"><\/div>\n\n\n\n<div class=\"wp-block-group\" style=\"border-top-left-radius:25px;border-top-right-radius:25px;border-bottom-left-radius:25px;border-bottom-right-radius:25px\"><div class=\"wp-block-group__inner-container is-layout-constrained wp-block-group-is-layout-constrained\">\n<h3 class=\"wp-block-heading has-text-align-center has-theme-palette-2-color has-text-color has-link-color wp-elements-6\" style=\"border-top-left-radius:25px;border-top-right-radius:25px;border-bottom-left-radius:25px;border-bottom-right-radius:25px\"><strong>Precio<\/strong>: 70\u20ac<\/h3>\n\n\n\n<p class=\"has-text-align-center has-theme-palette-2-color has-text-color has-link-color wp-elements-7 wp-block-paragraph\">Pago \u00fanico por una sesi\u00f3n individual<\/p>\n<\/div><\/div>\n\n\n\n<div style=\"height:20px\" aria-hidden=\"true\" class=\"wp-block-spacer\"><\/div>\n\n\n\n<h4 class=\"wp-block-heading has-text-align-left has-theme-palette-5-color has-text-color has-link-color wp-elements-8\">Pol\u00edtica de cambios<\/h4>\n\n\n\n<p class=\"wp-block-paragraph\">Si necesitas cambiar la fecha de tu sesi\u00f3n, puedes solicitarlo avisando con al menos 24 horas de antelaci\u00f3n. Buscaremos una nueva fecha que nos vaya bien a ambos.<\/p>\n\n\n\n<p class=\"wp-block-paragraph\">Si el aviso se realiza con menos de 24 horas de antelaci\u00f3n, la sesi\u00f3n no podr\u00e1 modificarse salvo causa de fuerza mayor.<\/p>\n\n\n\n<h4 class=\"wp-block-heading has-text-align-left has-theme-palette-5-color has-text-color has-link-color wp-elements-9\">Puntualidad<\/h4>\n\n\n\n<div class=\"wp-block-group\"><div class=\"wp-block-group__inner-container is-layout-constrained wp-block-group-is-layout-constrained\">\n<p class=\"wp-block-paragraph\">La sesi\u00f3n comenzar\u00e1 a la hora reservada y terminar\u00e1 igualmente a la hora prevista si te incorporas tarde. Te recomiendo conectarte unos minutos antes.<\/p>\n\n\n\n<p class=\"wp-block-paragraph\">Si transcurren 15 minutos desde la hora de inicio sin que hayas podido conectarte ni ponerte en contacto conmigo, la sesi\u00f3n se dar\u00e1 por finalizada.<\/p>\n<\/div><\/div>\n\n\n\n<h4 class=\"wp-block-heading has-text-align-left has-theme-palette-5-color has-text-color has-link-color wp-elements-10\">\u00bfTodav\u00eda tienes dudas?<\/h4>\n\n\n\n<p class=\"wp-block-paragraph\">Si hay algo que quieras saber antes de reservar, <a href=\"https:\/\/www.aryaswinter.com\/index.php\/contacto\/\" data-type=\"page\" data-id=\"429\" target=\"_blank\" rel=\"noreferrer noopener\">puedes escribirme aqu\u00ed.<\/a><\/p>\n\n\n\n<p class=\"wp-block-paragraph\">Prefiero resolver tus dudas antes de que reserves y asegurarme de que La Br\u00fajula Narrativa es adecuada para lo que necesitas.<\/p>\n\n\n\n<div style=\"height:50px\" aria-hidden=\"true\" class=\"wp-block-spacer\"><\/div>\n","protected":false},"excerpt":{"rendered":"<p>Reserva tu sesi\u00f3n de La Br\u00fajula Narrativa Elige el d\u00eda y la hora que mejor te vengan y completa la reserva. Los horarios disponibles cambian a lo largo de la semana y encontrar\u00e1s opciones de ma\u00f1ana, mediod\u00eda, tarde y noche. Si no encuentras un horario que te encaje, puedes consultar otros d\u00edas. ANTES DE LA&#8230;<\/p>\n","protected":false},"author":1,"featured_media":0,"parent":0,"menu_order":0,"comment_status":"closed","ping_status":"closed","template":"","meta":{"_kadence_starter_templates_imported_post":false,"_kad_post_transparent":"","_kad_post_title":"","_kad_post_layout":"narrow","_kad_post_sidebar_id":"","_kad_post_content_style":"","_kad_post_vertical_padding":"","_kad_post_feature":"","_kad_post_feature_position":"","_kad_post_header":false,"_kad_post_footer":false,"_kad_post_classname":"","footnotes":""},"class_list":["post-1726","page","type-page","status-publish","hentry"],"_links":{"self":[{"href":"https:\/\/www.aryaswinter.com\/index.php\/wp-json\/wp\/v2\/pages\/1726","targetHints":{"allow":["GET"]}}],"collection":[{"href":"https:\/\/www.aryaswinter.com\/index.php\/wp-json\/wp\/v2\/pages"}],"about":[{"href":"https:\/\/www.aryaswinter.com\/index.php\/wp-json\/wp\/v2\/types\/page"}],"author":[{"embeddable":true,"href":"https:\/\/www.aryaswinter.com\/index.php\/wp-json\/wp\/v2\/users\/1"}],"replies":[{"embeddable":true,"href":"https:\/\/www.aryaswinter.com\/index.php\/wp-json\/wp\/v2\/comments?post=1726"}],"version-history":[{"count":61,"href":"https:\/\/www.aryaswinter.com\/index.php\/wp-json\/wp\/v2\/pages\/1726\/revisions"}],"predecessor-version":[{"id":2048,"href":"https:\/\/www.aryaswinter.com\/index.php\/wp-json\/wp\/v2\/pages\/1726\/revisions\/2048"}],"wp:attachment":[{"href":"https:\/\/www.aryaswinter.com\/index.php\/wp-json\/wp\/v2\/media?parent=1726"}],"curies":[{"name":"wp","href":"https:\/\/api.w.org\/{rel}","templated":true}]}}

Reserva La Brújula Narrativa

<div style="height:20px" aria-hidden="true" class="wp-block-spacer"></div>



<h2 class="wp-block-heading has-text-align-center has-theme-palette-1-color has-text-color has-link-color wp-elements-1" style="border-top-left-radius:25px;border-top-right-radius:25px;border-bottom-left-radius:25px;border-bottom-right-radius:25px"><strong>Reserva tu sesi</strong>ón de La Brújula Narrativa </h2>



<p class="has-text-align-center wp-block-paragraph"><strong>Elige el día y la hora que mejor te vengan y completa la reserva</strong>.</p>



<p class="has-text-align-center wp-block-paragraph">Los horarios disponibles cambian a lo largo de la semana y encontrarás opciones de mañana, mediodía, tarde y noche. Si no encuentras un horario que te encaje, puedes consultar otros días.</p>


<!-- Cal inline embed code begins -->
<div style="width:100%;height:100%;overflow:scroll" id="my-cal-inline-la-brujula-narrativa"></div>
<script type="text/javascript">
  (function (C, A, L) { let p = function (a, ar) { a.q.push(ar); }; let d = C.document; C.Cal = C.Cal || function () { let cal = C.Cal; let ar = arguments; if (!cal.loaded) { cal.ns = {}; cal.q = cal.q || []; d.head.appendChild(d.createElement("script")).src = A; cal.loaded = true; } if (ar[0] === L) { const api = function () { p(api, arguments); }; const namespace = ar[1]; api.q = api.q || []; if(typeof namespace === "string"){cal.ns[namespace] = cal.ns[namespace] || api;p(cal.ns[namespace], ar);p(cal, ["initNamespace", namespace]);} else p(cal, ar); return;} p(cal, ar); }; })(window, "https://app.cal.com/embed/embed.js", "init");
Cal("init", "la-brujula-narrativa", {origin:"https://app.cal.com"});
Cal.config = Cal.config || {};
Cal.config.forwardQueryParams = true;

  Cal.ns["la-brujula-narrativa"]("inline", {
    elementOrSelector:"#my-cal-inline-la-brujula-narrativa",
    config: {"layout":"month_view","useSlotsViewOnSmallScreen":"true"},
    calLink: "aryaswinter/la-brujula-narrativa",
  });

  Cal.ns["la-brujula-narrativa"]("ui", {"hideEventTypeDetails":false,"layout":"month_view"});
  </script>
  <!-- Cal inline embed code ends -->



<div style="height:20px" aria-hidden="true" class="wp-block-spacer"></div>



<h4 class="wp-block-heading has-text-align-center has-theme-palette-2-color has-text-color has-link-color wp-elements-2">ANTES DE LA SESIÓN:</h4>



<div style="height:20px" aria-hidden="true" class="wp-block-spacer"></div>



<blockquote class="wp-block-quote is-layout-flow wp-block-quote-is-layout-flow">
<p class="has-theme-palette-5-color has-text-color has-link-color wp-elements-3 wp-block-paragraph"><strong>RECIBIRÁS UN FORMULARIO</strong></p>



<ol class="wp-block-list"></ol>
</blockquote>



<p class="wp-block-paragraph">Después de reservar <strong>recibirás un breve formulario para explicarme tu situación</strong>. Es importante que me lo envíes con suficiente antelación para poder preparar la sesión.</p>



<p class="wp-block-paragraph"><strong>Una vez completada la reserva, recibirás también el enlace para conectarte a la sesión a través de Google Meet</strong>.</p>



<blockquote class="wp-block-quote is-layout-flow wp-block-quote-is-layout-flow">
<p class="has-theme-palette-5-color has-text-color has-link-color wp-elements-4 wp-block-paragraph"><strong>REVISARÉ TU CASO</strong></p>
</blockquote>



<p class="wp-block-paragraph"><strong>Leeré tus respuestas y prepararé la sesión.</strong></p>



<p class="wp-block-paragraph">Si al revisar tu caso considero que necesito más información, te la pediré.</p>



<p class="wp-block-paragraph">Y si veo que <strong>La Brújula Narrativa no es adecuada para lo que buscas</strong>, te lo comunicaré antes de la sesión y <strong>te devolveré el importe de la reserva.</strong></p>



<p class="wp-block-paragraph">No suele ocurrir, pero prefiero comprobarlo antes de que dediquemos tiempo y dinero a una consulta que no pueda ayudarte.</p>



<div style="height:20px" aria-hidden="true" class="wp-block-spacer"></div>



<div class="wp-block-group has-border-color has-theme-palette-9-border-color has-theme-palette-8-background-color has-background"><div class="wp-block-group__inner-container is-layout-constrained wp-block-group-is-layout-constrained">
<h3 class="wp-block-heading has-text-align-center">¿Qué incluye la reserva?</h3>



<p class="has-text-align-center wp-block-paragraph">✔ Una sesión individual de aproximadamente 90 minutos.</p>



<p class="has-text-align-center wp-block-paragraph">✔ Preparación previa de la consulta.</p>



<p class="has-text-align-center wp-block-paragraph">✔ Trabajo centrado exclusivamente en tu novela.</p>



<p class="has-text-align-center wp-block-paragraph">✔ Videollamada a través de Google Meet.</p>



<blockquote class="wp-block-quote is-layout-flow wp-block-quote-is-layout-flow">
<p class="has-theme-palette-5-color has-text-color has-link-color wp-elements-5 wp-block-paragraph">Recuerda que La Brújula Narrativa no es un servicio de corrección de novela ni tampoco un informe de lectura. Es una sesión de trabajo junto al autor para detectar problemas y dificultades del manuscrito y buscar soluciones para seguir avanzando.</p>
</blockquote>
</div></div>



<div style="height:20px" aria-hidden="true" class="wp-block-spacer"></div>



<div class="wp-block-group" style="border-top-left-radius:25px;border-top-right-radius:25px;border-bottom-left-radius:25px;border-bottom-right-radius:25px"><div class="wp-block-group__inner-container is-layout-constrained wp-block-group-is-layout-constrained">
<h3 class="wp-block-heading has-text-align-center has-theme-palette-2-color has-text-color has-link-color wp-elements-6" style="border-top-left-radius:25px;border-top-right-radius:25px;border-bottom-left-radius:25px;border-bottom-right-radius:25px"><strong>Precio</strong>: 70€</h3>



<p class="has-text-align-center has-theme-palette-2-color has-text-color has-link-color wp-elements-7 wp-block-paragraph">Pago único por una sesión individual</p>
</div></div>



<div style="height:20px" aria-hidden="true" class="wp-block-spacer"></div>



<h4 class="wp-block-heading has-text-align-left has-theme-palette-5-color has-text-color has-link-color wp-elements-8">Política de cambios</h4>



<p class="wp-block-paragraph">Si necesitas cambiar la fecha de tu sesión, puedes solicitarlo avisando con al menos 24 horas de antelación. Buscaremos una nueva fecha que nos vaya bien a ambos.</p>



<p class="wp-block-paragraph">Si el aviso se realiza con menos de 24 horas de antelación, la sesión no podrá modificarse salvo causa de fuerza mayor.</p>



<h4 class="wp-block-heading has-text-align-left has-theme-palette-5-color has-text-color has-link-color wp-elements-9">Puntualidad</h4>



<div class="wp-block-group"><div class="wp-block-group__inner-container is-layout-constrained wp-block-group-is-layout-constrained">
<p class="wp-block-paragraph">La sesión comenzará a la hora reservada y terminará igualmente a la hora prevista si te incorporas tarde. Te recomiendo conectarte unos minutos antes.</p>



<p class="wp-block-paragraph">Si transcurren 15 minutos desde la hora de inicio sin que hayas podido conectarte ni ponerte en contacto conmigo, la sesión se dará por finalizada.</p>
</div></div>



<h4 class="wp-block-heading has-text-align-left has-theme-palette-5-color has-text-color has-link-color wp-elements-10">¿Todavía tienes dudas?</h4>



<p class="wp-block-paragraph">Si hay algo que quieras saber antes de reservar, <a href="https://www.aryaswinter.com/index.php/contacto/" data-type="page" data-id="429" target="_blank" rel="noreferrer noopener">puedes escribirme aquí.</a></p>



<p class="wp-block-paragraph">Prefiero resolver tus dudas antes de que reserves y asegurarme de que La Brújula Narrativa es adecuada para lo que necesitas.</p>



<div style="height:50px" aria-hidden="true" class="wp-block-spacer"></div>

<p>Reserva tu sesión de La Brújula Narrativa Elige el día y la hora que mejor te vengan y completa la reserva. Los horarios disponibles cambian a lo largo de la semana y encontrarás opciones de mañana, mediodía, tarde y noche. Si no encuentras un horario que te encaje, puedes consultar otros días. ANTES DE LA&#8230;</p>
